[INFO] cloning repository https://github.com/akalmykov/radicle-ceramic-profile
[INFO] running `Command { std: "git" "-c" "credential.helper=" "-c" "credential.helper=/workspace/cargo-home/bin/git-credential-null" "clone" "--bare" "https://github.com/akalmykov/radicle-ceramic-profile" "/workspace/cache/git-repos/https%3A%2F%2Fgithub.com%2Fakalmykov%2Fradicle-ceramic-profile", kill_on_drop: false }`
[INFO] [stderr] Cloning into bare repository '/workspace/cache/git-repos/https%3A%2F%2Fgithub.com%2Fakalmykov%2Fradicle-ceramic-profile'...
[INFO] running `Command { std: "git" "rev-parse" "HEAD", kill_on_drop: false }`
[INFO] [stdout] a866ead3674a8eeeb00e36fe3b311520b131d528
[INFO] checking akalmykov/radicle-ceramic-profile against master#e6e4f7ed1589e03bc2f6c5931c1a72e7947e8682 for beta-170-4
[INFO] running `Command { std: "git" "clone" "/workspace/cache/git-repos/https%3A%2F%2Fgithub.com%2Fakalmykov%2Fradicle-ceramic-profile" "/workspace/builds/worker-6-tc2/source", kill_on_drop: false }`
[INFO] [stderr] Cloning into '/workspace/builds/worker-6-tc2/source'...
[INFO] [stderr] done.
[INFO] validating manifest of git repo https://github.com/akalmykov/radicle-ceramic-profile on toolchain e6e4f7ed1589e03bc2f6c5931c1a72e7947e8682
[INFO] running `Command { std: CARGO_HOME="/workspace/cargo-home" RUSTUP_HOME="/workspace/rustup-home" "/workspace/cargo-home/bin/cargo" "+e6e4f7ed1589e03bc2f6c5931c1a72e7947e8682" "metadata" "--manifest-path" "Cargo.toml" "--no-deps", kill_on_drop: false }`
[INFO] removed /workspace/builds/worker-6-tc2/source/rust-toolchain
[INFO] started tweaking git repo https://github.com/akalmykov/radicle-ceramic-profile
[INFO] finished tweaking git repo https://github.com/akalmykov/radicle-ceramic-profile
[INFO] tweaked toml for git repo https://github.com/akalmykov/radicle-ceramic-profile written to /workspace/builds/worker-6-tc2/source/Cargo.toml
[INFO] crate git repo https://github.com/akalmykov/radicle-ceramic-profile already has a lockfile, it will not be regenerated
[INFO] running `Command { std: CARGO_HOME="/workspace/cargo-home" RUSTUP_HOME="/workspace/rustup-home" "/workspace/cargo-home/bin/cargo" "+e6e4f7ed1589e03bc2f6c5931c1a72e7947e8682" "fetch" "--manifest-path" "Cargo.toml", kill_on_drop: false }`
[INFO] [stderr] warning: patch for `radicle-keystore` uses the features mechanism. default-features and features will not take effect because the patch dependency does not support this mechanism
[INFO] running `Command { std: "docker" "create" "-v" "/var/lib/crater-agent-workspace/builds/worker-6-tc2/target:/opt/rustwide/target:rw,Z" "-v" "/var/lib/crater-agent-workspace/builds/worker-6-tc2/source:/opt/rustwide/workdir:ro,Z" "-v" "/var/lib/crater-agent-workspace/cargo-home:/opt/rustwide/cargo-home:ro,Z" "-v" "/var/lib/crater-agent-workspace/rustup-home:/opt/rustwide/rustup-home:ro,Z" "-e" "SOURCE_DIR=/opt/rustwide/workdir" "-e" "CARGO_TARGET_DIR=/opt/rustwide/target" "-e" "CARGO_HOME=/opt/rustwide/cargo-home" "-e" "RUSTUP_HOME=/opt/rustwide/rustup-home" "-w" "/opt/rustwide/workdir" "-m" "1610612736" "--user" "0:0" "--network" "none" "ghcr.io/rust-lang/crates-build-env/linux@sha256:19e73879b68f455e41552ea35293514db52ea292d993f571636dbffedb77a1ee" "/opt/rustwide/cargo-home/bin/cargo" "+e6e4f7ed1589e03bc2f6c5931c1a72e7947e8682" "metadata" "--no-deps" "--format-version=1", kill_on_drop: false }`
[INFO] [stdout] 84dd38b9b79b5aa46d9428799593bb32098bd51bf4cafa49ff637b4998e5c8bf
[INFO] running `Command { std: "docker" "start" "-a" "84dd38b9b79b5aa46d9428799593bb32098bd51bf4cafa49ff637b4998e5c8bf", kill_on_drop: false }`
[INFO] running `Command { std: "docker" "inspect" "84dd38b9b79b5aa46d9428799593bb32098bd51bf4cafa49ff637b4998e5c8bf", kill_on_drop: false }`
[INFO] running `Command { std: "docker" "rm" "-f" "84dd38b9b79b5aa46d9428799593bb32098bd51bf4cafa49ff637b4998e5c8bf", kill_on_drop: false }`
[INFO] [stdout] 84dd38b9b79b5aa46d9428799593bb32098bd51bf4cafa49ff637b4998e5c8bf
[INFO] running `Command { std: "docker" "create" "-v" "/var/lib/crater-agent-workspace/builds/worker-6-tc2/target:/opt/rustwide/target:rw,Z" "-v" "/var/lib/crater-agent-workspace/builds/worker-6-tc2/source:/opt/rustwide/workdir:ro,Z" "-v" "/var/lib/crater-agent-workspace/cargo-home:/opt/rustwide/cargo-home:ro,Z" "-v" "/var/lib/crater-agent-workspace/rustup-home:/opt/rustwide/rustup-home:ro,Z" "-e" "SOURCE_DIR=/opt/rustwide/workdir" "-e" "CARGO_TARGET_DIR=/opt/rustwide/target" "-e" "CARGO_INCREMENTAL=0" "-e" "RUST_BACKTRACE=full" "-e" "RUSTFLAGS=--cap-lints=forbid" "-e" "RUSTDOCFLAGS=--cap-lints=forbid" "-e" "CARGO_HOME=/opt/rustwide/cargo-home" "-e" "RUSTUP_HOME=/opt/rustwide/rustup-home" "-w" "/opt/rustwide/workdir" "-m" "1610612736" "--user" "0:0" "--network" "none" "ghcr.io/rust-lang/crates-build-env/linux@sha256:19e73879b68f455e41552ea35293514db52ea292d993f571636dbffedb77a1ee" "/opt/rustwide/cargo-home/bin/cargo" "+e6e4f7ed1589e03bc2f6c5931c1a72e7947e8682" "check" "--frozen" "--all" "--all-targets" "--message-format=json", kill_on_drop: false }`
[INFO] [stdout] f4deb202e7c8046aebc235d42260503753b9ba3d5aa4e6454b104941069eae2a
[INFO] running `Command { std: "docker" "start" "-a" "f4deb202e7c8046aebc235d42260503753b9ba3d5aa4e6454b104941069eae2a", kill_on_drop: false }`
[INFO] [stderr] warning: patch for `radicle-keystore` uses the features mechanism. default-features and features will not take effect because the patch dependency does not support this mechanism
[INFO] [stderr]    Compiling libc v0.2.102
[INFO] [stderr]    Compiling proc-macro2 v1.0.29
[INFO] [stderr]    Compiling syn v1.0.76
[INFO] [stderr]    Compiling memchr v2.4.1
[INFO] [stderr]    Compiling typenum v1.14.0
[INFO] [stderr]    Compiling pkg-config v0.3.19
[INFO] [stderr]    Compiling generic-array v0.14.4
[INFO] [stderr]    Compiling futures-core v0.3.17
[INFO] [stderr]     Checking futures-io v0.3.17
[INFO] [stderr]    Compiling miniz_oxide v0.4.4
[INFO] [stderr]    Compiling crossbeam-utils v0.8.5
[INFO] [stderr]     Checking regex-syntax v0.6.25
[INFO] [stderr]     Checking slab v0.4.4
[INFO] [stderr]    Compiling crossbeam-epoch v0.9.5
[INFO] [stderr]    Compiling num-traits v0.2.14
[INFO] [stderr]    Compiling quote v1.0.9
[INFO] [stderr]     Checking num_cpus v1.13.0
[INFO] [stderr]    Compiling jobserver v0.1.24
[INFO] [stderr]     Checking signal-hook-registry v1.4.0
[INFO] [stderr]     Checking adler v1.0.2
[INFO] [stderr]    Compiling cc v1.0.70
[INFO] [stderr]     Checking getrandom v0.2.3
[INFO] [stderr]     Checking tinyvec v1.4.0
[INFO] [stderr]    Compiling crossbeam-queue v0.3.2
[INFO] [stderr]     Checking quick-error v2.0.1
[INFO] [stderr]    Compiling rayon-core v1.9.1
[INFO] [stderr]     Checking rand_core v0.6.3
[INFO] [stderr]     Checking crossbeam-deque v0.8.1
[INFO] [stderr]     Checking crossbeam-channel v0.5.1
[INFO] [stderr]    Compiling cmake v0.1.45
[INFO] [stderr]    Compiling ryu v1.0.5
[INFO] [stderr]     Checking fastrand v1.5.0
[INFO] [stderr]    Compiling futures-channel v0.3.17
[INFO] [stderr]     Checking futures-sink v0.3.17
[INFO] [stderr]     Checking same-file v1.0.6
[INFO] [stderr]     Checking rand_chacha v0.3.1
[INFO] [stderr]     Checking walkdir v2.3.2
[INFO] [stderr]    Compiling futures-util v0.3.17
[INFO] [stderr]    Compiling rayon v1.5.1
[INFO] [stderr]     Checking byteorder v1.4.3
[INFO] [stderr]     Checking rand v0.8.4
[INFO] [stderr]     Checking regex-automata v0.1.10
[INFO] [stderr]     Checking unicode-normalization v0.1.19
[INFO] [stderr]    Compiling libz-sys v1.1.3
[INFO] [stderr]    Compiling nom v7.0.0
[INFO] [stderr]     Checking futures v0.1.31
[INFO] [stderr]     Checking parking v2.0.0
[INFO] [stderr]     Checking waker-fn v1.1.0
[INFO] [stderr]    Compiling libgit2-sys v0.12.21+1.1.0 (https://github.com/radicle-dev/git2-rs.git?rev=ae027b9e7b125f56397bbb7d8652b3427deeede6#ae027b9e)
[INFO] [stderr]     Checking futures-lite v1.12.0
[INFO] [stderr]     Checking crossbeam v0.8.1
[INFO] [stderr]    Compiling tokio v1.12.0
[INFO] [stderr]     Checking bstr v0.2.17
[INFO] [stderr]     Checking block-padding v0.2.1
[INFO] [stderr]     Checking human_format v1.0.3
[INFO] [stderr]     Checking minimal-lexical v0.1.3
[INFO] [stderr]     Checking bytesize v1.1.0
[INFO] [stderr]     Checking unicode-bidi v0.3.6
[INFO] [stderr]     Checking prodash v16.0.0
[INFO] [stderr]     Checking git-hash v0.6.0
[INFO] [stderr]     Checking idna v0.2.3
[INFO] [stderr]     Checking mio v0.7.13
[INFO] [stderr]     Checking sha1 v0.6.0
[INFO] [stderr]     Checking subtle v2.4.1
[INFO] [stderr]     Checking arrayvec v0.5.2
[INFO] [stderr]     Checking time v0.3.2
[INFO] [stderr]     Checking tracing-core v0.1.20
[INFO] [stderr]    Compiling async-trait v0.1.51
[INFO] [stderr]    Compiling getrandom v0.1.16
[INFO] [stderr]     Checking btoi v0.4.2
[INFO] [stderr]     Checking instant v0.1.10
[INFO] [stderr]    Compiling signal-hook v0.3.10
[INFO] [stderr]    Compiling ring v0.16.20
[INFO] [stderr]     Checking cache-padded v1.1.1
[INFO] [stderr]    Compiling serde_json v1.0.68
[INFO] [stderr]     Checking rand_core v0.5.1
[INFO] [stderr]     Checking concurrent-queue v1.2.2
[INFO] [stderr]     Checking parking_lot_core v0.8.5
[INFO] [stderr]     Checking git-validate v0.5.2
[INFO] [stderr]     Checking dashmap v4.0.2
[INFO] [stderr]     Checking lock_api v0.4.5
[INFO] [stderr]    Compiling winapi v0.3.9
[INFO] [stderr]    Compiling lexical-core v0.7.6
[INFO] [stderr]     Checking untrusted v0.7.1
[INFO] [stderr]     Checking spin v0.5.2
[INFO] [stderr]     Checking tempfile v3.2.0
[INFO] [stderr]     Checking parking_lot v0.11.2
[INFO] [stderr]     Checking socket2 v0.4.2
[INFO] [stderr]     Checking static_assertions v1.1.0
[INFO] [stderr]    Compiling synstructure v0.12.5
[INFO] [stderr]     Checking data-encoding v2.3.2
[INFO] [stderr]     Checking git-tempfile v1.0.2
[INFO] [stderr]     Checking dirs-sys v0.3.6
[INFO] [stderr]    Compiling standback v0.2.17
[INFO] [stderr]     Checking arrayref v0.3.6
[INFO] [stderr]    Compiling constant_time_eq v0.1.5
[INFO] [stderr]     Checking event-listener v2.5.1
[INFO] [stderr]     Checking cryptovec v0.6.1
[INFO] [stderr]     Checking filebuffer v0.4.0
[INFO] [stderr]     Checking polling v2.1.0
[INFO] [stderr]     Checking aho-corasick v0.7.18
[INFO] [stderr]     Checking keccak v0.1.0
[INFO] [stderr]     Checking home v0.5.3
[INFO] [stderr]     Checking cpuid-bool v0.2.0
[INFO] [stderr]     Checking arrayvec v0.7.1
[INFO] [stderr]     Checking uluru v3.0.0
[INFO] [stderr]     Checking async-io v1.6.0
[INFO] [stderr]     Checking regex v1.5.4
[INFO] [stderr]    Compiling blake2b_simd v0.5.11
[INFO] [stderr]    Compiling blake2s_simd v0.5.11
[INFO] [stderr]     Checking rand_chacha v0.2.2
[INFO] [stderr]     Checking sct v0.6.1
[INFO] [stderr]     Checking webpki v0.21.4
[INFO] [stderr]     Checking git-packetline v0.10.1
[INFO] [stderr]    Compiling log v0.4.14
[INFO] [stderr]     Checking rustls v0.19.1
[INFO] [stderr]     Checking time v0.1.44
[INFO] [stderr]    Compiling hashbrown v0.8.2
[INFO] [stderr]    Compiling nom v5.1.2
[INFO] [stderr]    Compiling pin-project-internal v0.4.28
[INFO] [stderr]    Compiling unsigned-varint v0.5.1
[INFO] [stderr]     Checking clru v0.5.0
[INFO] [stderr]     Checking async-task v4.0.3
[INFO] [stderr]     Checking lazycell v1.3.0
[INFO] [stderr]     Checking half v1.7.1
[INFO] [stderr]     Checking rand v0.7.3
[INFO] [stderr]     Checking net2 v0.2.37
[INFO] [stderr]     Checking async-channel v1.6.1
[INFO] [stderr]     Checking dirs v3.0.2
[INFO] [stderr]     Checking git-lock v1.0.0
[INFO] [stderr]    Compiling serde_derive v1.0.130
[INFO] [stderr]    Compiling thiserror-impl v1.0.29
[INFO] [stderr]    Compiling futures-macro v0.3.17
[INFO] [stderr]    Compiling tokio-macros v1.3.0
[INFO] [stderr]    Compiling tracing-attributes v0.1.16
[INFO] [stderr]    Compiling minicbor-derive v0.6.4
[INFO] [stderr]     Checking tracing v0.1.28
[INFO] [stderr]     Checking thiserror v1.0.29
[INFO] [stderr]    Compiling zeroize_derive v1.2.0
[INFO] [stderr]     Checking thrussh-encoding v0.1.0 (https://github.com/FintanH/thrussh.git?branch=generic-agent#fb6e2a52)
[INFO] [stderr]    Compiling data-encoding-macro-internal v0.1.10
[INFO] [stderr]    Compiling maybe-async v0.2.6
[INFO] [stderr]     Checking zeroize v1.4.2
[INFO] [stderr]     Checking data-encoding-macro v0.1.12
[INFO] [stderr]    Compiling pin-project-internal v1.0.8
[INFO] [stderr]     Checking iovec v0.1.4
[INFO] [stderr]     Checking rpassword v4.0.5
[INFO] [stderr]    Compiling radicle-std-ext v0.1.0 (https://github.com/radicle-dev/radicle-link.git?rev=988fc7f5d98910a799920c39e822315944614350#988fc7f5)
[INFO] [stderr]     Checking os_str_bytes v3.1.0
[INFO] [stderr]     Checking base-x v0.2.8
[INFO] [stderr]     Checking ahash v0.3.8
[INFO] [stderr]     Checking minicbor v0.9.1
[INFO] [stderr]    Compiling const_fn v0.4.8
[INFO] [stderr]     Checking atomic-waker v1.0.0
[INFO] [stderr]     Checking blocking v1.0.2
[INFO] [stderr]     Checking multibase v0.9.1
[INFO] [stderr]     Checking futures-executor v0.3.17
[INFO] [stderr]     Checking mio v0.6.23
[INFO] [stderr]     Checking futures v0.3.17
[INFO] [stderr]     Checking tokio-util v0.6.8
[INFO] [stderr]     Checking thrussh-agent v0.1.0 (https://github.com/FintanH/thrussh.git?branch=generic-agent#fb6e2a52)
[INFO] [stderr]     Checking git-config v0.1.6
[INFO] [stderr]    Compiling time-macros-impl v0.1.2
[INFO] [stderr]     Checking pin-project v1.0.8
[INFO] [stderr]     Checking inotify-sys v0.1.5
[INFO] [stderr]    Compiling priority-queue v1.2.0
[INFO] [stderr]    Compiling num-integer v0.1.44
[INFO] [stderr]    Compiling time v0.2.27
[INFO] [stderr]     Checking dyn-clone v1.0.4
[INFO] [stderr]     Checking inotify v0.7.1
[INFO] [stderr]     Checking mio-extras v2.0.6
[INFO] [stderr]     Checking serde v1.0.130
[INFO] [stderr]     Checking time-macros v0.1.1
[INFO] [stderr]     Checking no-std-compat v0.4.1
[INFO] [stderr]     Checking quinn-proto v0.7.3
[INFO] [stderr]    Compiling async-stream-impl v0.3.2
[INFO] [stderr]     Checking async-process v1.2.0
[INFO] [stderr]     Checking flate2 v1.0.22
[INFO] [stderr]     Checking http v0.2.5
[INFO] [stderr]     Checking xorf v0.7.2
[INFO] [stderr]     Checking git-trailers v0.1.0 (https://github.com/radicle-dev/radicle-link.git?rev=988fc7f5d98910a799920c39e822315944614350#988fc7f5)
[INFO] [stderr]     Checking sized-vec v0.3.0
[INFO] [stderr]     Checking quanta v0.4.1
[INFO] [stderr]     Checking filetime v0.2.15
[INFO] [stderr]     Checking socket2 v0.3.19
[INFO] [stderr]     Checking ipnet v2.3.1
[INFO] [stderr]    Compiling radium v0.5.3
[INFO] [stderr]     Checking bytes v0.5.6
[INFO] [stderr]     Checking nonzero_ext v0.2.0
[INFO] [stderr]     Checking pin-project v0.4.28
[INFO] [stderr]     Checking futures-timer v3.0.2
[INFO] [stderr]     Checking if-watch v0.2.2
[INFO] [stderr]     Checking governor v0.3.2
[INFO] [stderr]     Checking notify v4.0.17
[INFO] [stderr]     Checking futures_codec v0.4.1
[INFO] [stderr]     Checking async-stream v0.3.2
[INFO] [stderr]     Checking quinn v0.7.2
[INFO] [stderr]     Checking deadpool v0.7.0
[INFO] [stderr]     Checking globset v0.4.8
[INFO] [stderr]     Checking directories v3.0.2
[INFO] [stderr]     Checking rand_pcg v0.2.1
[INFO] [stderr]     Checking backoff v0.3.0
[INFO] [stderr]    Compiling onig_sys v69.7.0
[INFO] [stderr]    Compiling crc32fast v1.2.1
[INFO] [stderr]     Checking uuid v0.8.2
[INFO] [stderr]    Compiling xattr v0.2.2
[INFO] [stderr]    Compiling anyhow v1.0.44
[INFO] [stderr]     Checking rustc-hash v1.1.0
[INFO] [stderr]    Compiling tar v0.4.37
[INFO] [stderr]    Compiling proc-macro-error-attr v1.0.4
[INFO] [stderr]     Checking either v1.6.1
[INFO] [stderr]     Checking url v2.2.2
[INFO] [stderr]     Checking serde_bytes v0.11.5
[INFO] [stderr]     Checking digest v0.9.0
[INFO] [stderr]     Checking block-buffer v0.9.0
[INFO] [stderr]     Checking crypto-mac v0.9.1
[INFO] [stderr]     Checking universal-hash v0.4.1
[INFO] [stderr]     Checking sha2 v0.9.8
[INFO] [stderr]     Checking sha-1 v0.9.8
[INFO] [stderr]     Checking stream-cipher v0.4.1
[INFO] [stderr]     Checking chacha20 v0.4.3
[INFO] [stderr]     Checking poly1305 v0.6.2
[INFO] [stderr]     Checking hmac v0.9.0
[INFO] [stderr]     Checking pbkdf2 v0.5.0
[INFO] [stderr]     Checking git-url v0.3.3
[INFO] [stderr]     Checking sha3 v0.9.1
[INFO] [stderr]     Checking curve25519-dalek v3.2.0
[INFO] [stderr]     Checking aead v0.3.2
[INFO] [stderr]     Checking scrypt v0.4.1
[INFO] [stderr]     Checking multihash v0.11.4
[INFO] [stderr]     Checking chacha20poly1305 v0.5.1
[INFO] [stderr]     Checking serde_cbor v0.10.2
[INFO] [stderr]     Checking nonempty v0.6.0
[INFO] [stderr]     Checking oid v0.2.1
[INFO] [stderr]     Checking secstr v0.3.2
[INFO] [stderr]     Checking picky-asn1 v0.3.3
[INFO] [stderr]     Checking itertools v0.10.1
[INFO] [stderr]     Checking radicle-data v0.1.0 (https://github.com/radicle-dev/radicle-link.git?rev=988fc7f5d98910a799920c39e822315944614350#988fc7f5)
[INFO] [stderr]     Checking ed25519-zebra v2.2.0 (https://github.com/ZcashFoundation/ed25519-zebra?rev=0e7a96a267a756e642e102a28a44dd79b9c7df69#0e7a96a2)
[INFO] [stderr]     Checking link-canonical v0.1.0 (https://github.com/radicle-dev/radicle-link.git?rev=988fc7f5d98910a799920c39e822315944614350#988fc7f5)
[INFO] [stderr]     Checking radicle-keystore v0.1.1 (https://github.com/radicle-dev/radicle-keystore?rev=53d4fba2fcdb9f8bb5a0a080bdcc30ca86820c57#53d4fba2)
[INFO] [stderr]     Checking chrono v0.4.19
[INFO] [stderr]    Compiling unicase v2.6.0
[INFO] [stderr]    Compiling backtrace v0.3.61
[INFO] [stderr]    Compiling nom v6.1.2
[INFO] [stderr]     Checking picky-asn1-der v0.2.5
[INFO] [stderr]     Checking funty v1.1.0
[INFO] [stderr]     Checking jwalk v0.6.0
[INFO] [stderr]     Checking safemem v0.3.3
[INFO] [stderr]     Checking gimli v0.25.0
[INFO] [stderr]     Checking line-wrap v0.1.1
[INFO] [stderr]     Checking git-features v0.16.4
[INFO] [stderr]     Checking picky-asn1-x509 v0.6.1
[INFO] [stderr]    Compiling mime_guess v2.0.3
[INFO] [stderr]    Compiling radicle-surf v0.6.0
[INFO] [stderr]     Checking bitvec v0.19.5
[INFO] [stderr]     Checking git-actor v0.5.2
[INFO] [stderr]     Checking git-transport v0.11.1
[INFO] [stderr]     Checking git-object v0.14.0
[INFO] [stderr]     Checking versions v3.0.3
[INFO] [stderr]     Checking git-protocol v0.10.4
[INFO] [stderr]    Compiling proc-macro-error v1.0.4
[INFO] [stderr]     Checking git-traverse v0.8.2
[INFO] [stderr]     Checking git-diff v0.9.2
[INFO] [stderr]     Checking git-ref v0.7.3
[INFO] [stderr]     Checking async-executor v1.4.1
[INFO] [stderr]     Checking git-pack v0.11.0
[INFO] [stderr]     Checking async-mutex v1.4.0
[INFO] [stderr]     Checking fxhash v0.2.1
[INFO] [stderr]     Checking fs2 v0.4.3
[INFO] [stderr]     Checking atty v0.2.14
[INFO] [stderr]     Checking rand v0.4.6
[INFO] [stderr]     Checking object v0.26.2
[INFO] [stderr]    Compiling error-chain v0.12.4
[INFO] [stderr]     Checking rustc-demangle v0.1.21
[INFO] [stderr]     Checking xml-rs v0.8.4
[INFO] [stderr]     Checking linked-hash-map v0.5.4
[INFO] [stderr]     Checking yaml-rust v0.4.5
[INFO] [stderr]     Checking rand v0.3.23
[INFO] [stderr]     Checking addr2line v0.16.0
[INFO] [stderr]     Checking clap v2.33.3
[INFO] [stderr]     Checking sled v0.34.7
[INFO] [stderr]     Checking plist v1.2.1
[INFO] [stderr]     Checking async-global-executor v2.0.2
[INFO] [stderr]    Compiling structopt-derive v0.4.16
[INFO] [stderr]     Checking git-odb v0.21.3
[INFO] [stderr]     Checking bincode v1.3.3
[INFO] [stderr]     Checking git-repository v0.9.1
[INFO] [stderr]     Checking toml v0.5.8
[INFO] [stderr]     Checking h2 v0.3.4
[INFO] [stderr]     Checking http-body v0.4.3
[INFO] [stderr]     Checking headers-core v0.2.0
[INFO] [stderr]     Checking httpdate v1.0.1
[INFO] [stderr]    Compiling argh_shared v0.1.6
[INFO] [stderr]     Checking nonempty v0.5.0
[INFO] [stderr]     Checking rust-crypto v0.2.36
[INFO] [stderr]     Checking kv v0.22.0
[INFO] [stderr]    Compiling argh_derive v0.1.6
[INFO] [stderr]     Checking headers v0.3.4
[INFO] [stderr]     Checking tracing-serde v0.1.2
[INFO] [stderr]     Checking serde_millis v0.1.1
[INFO] [stderr]     Checking serde_urlencoded v0.7.0
[INFO] [stderr]     Checking structopt v0.3.23
[INFO] [stderr]     Checking tokio-stream v0.1.7
[INFO] [stderr]     Checking tracing-log v0.1.2
[INFO] [stderr]     Checking matchers v0.0.1
[INFO] [stderr]     Checking thread_local v1.1.3
[INFO] [stderr]     Checking sharded-slab v0.1.3
[INFO] [stderr]     Checking scoped-tls v1.0.0
[INFO] [stderr]     Checking serde_qs v0.6.1
[INFO] [stderr]     Checking directories v2.0.2
[INFO] [stderr]     Checking difference v2.0.0
[INFO] [stderr]     Checking pretty_assertions v0.6.1
[INFO] [stderr]     Checking tracing-subscriber v0.2.24
[INFO] [stderr]     Checking argh v0.1.6
[INFO] [stderr]     Checking hyper v0.14.13
[INFO] [stderr]     Checking eip55 v0.1.1
[INFO] [stderr]     Checking onig v6.2.0
[INFO] [stderr]     Checking syntect v4.6.0
[INFO] [stderr]     Checking warp v0.3.1
[INFO] [stderr]     Checking git2 v0.13.20 (https://github.com/radicle-dev/git2-rs.git?rev=ae027b9e7b125f56397bbb7d8652b3427deeede6#ae027b9e)
[INFO] [stderr]     Checking radicle-git-ext v0.1.0 (https://github.com/radicle-dev/radicle-link.git?rev=988fc7f5d98910a799920c39e822315944614350#988fc7f5)
[INFO] [stderr]     Checking link-git-protocol v0.1.0 (https://github.com/radicle-dev/radicle-link.git?rev=988fc7f5d98910a799920c39e822315944614350#988fc7f5)
[INFO] [stderr]     Checking link-crypto v0.1.0 (https://github.com/radicle-dev/radicle-link.git?rev=988fc7f5d98910a799920c39e822315944614350#988fc7f5)
[INFO] [stderr]     Checking radicle-source v0.2.0
[INFO] [stderr]    Compiling radicle-macros v0.1.0 (https://github.com/radicle-dev/radicle-link.git?rev=988fc7f5d98910a799920c39e822315944614350#988fc7f5)
[INFO] [stderr]     Checking link-identities v0.1.0 (https://github.com/radicle-dev/radicle-link.git?rev=988fc7f5d98910a799920c39e822315944614350#988fc7f5)
[INFO] [stdout] error[E0277]: the trait bound `<S as crypto::radicle_keystore::sign::Signer>::Error: StdError` is not satisfied
[INFO] [stdout]    --> /opt/rustwide/cargo-home/git/checkouts/radicle-link-009c17032bc5eda9/988fc7f/link-identities/src/git.rs:830:8
[INFO] [stdout]     |
[INFO] [stdout] 830 |     S: Signer,
[INFO] [stdout]     |        ^^^^^^ the trait `StdError` is not implemented for `<S as crypto::radicle_keystore::sign::Signer>::Error`
[INFO] [stdout]     |
[INFO] [stdout] note: required by a bound in `crypto::Signer`
[INFO] [stdout]    --> /opt/rustwide/cargo-home/git/checkouts/radicle-link-009c17032bc5eda9/988fc7f/link-crypto/src/signer.rs:18:25
[INFO] [stdout]     |
[INFO] [stdout] 17  | pub trait Signer:
[INFO] [stdout]     |           ------ required by a bound in this trait
[INFO] [stdout] 18  |     sign::Signer<Error: std::error::Error + Send + Sync + 'static>
[INFO] [stdout]     |                         ^^^^^^^^^^^^^^^^^ required by this bound in `Signer`
[INFO] [stdout] help: consider further restricting the associated type
[INFO] [stdout]     |
[INFO] [stdout] 830 |     S: Signer, <S as crypto::radicle_keystore::sign::Signer>::Error: StdError
[INFO] [stdout]     |              ~~~~~~~~~~~~~~~~~~~~~~~~~~~~~~~~~~~~~~~~~~~~~~~~~~~~~~~~~~~~~~~~
[INFO] [stdout] 
[INFO] [stdout] 
[INFO] [stdout] error[E0277]: `<S as crypto::radicle_keystore::sign::Signer>::Error` cannot be sent between threads safely
[INFO] [stdout]    --> /opt/rustwide/cargo-home/git/checkouts/radicle-link-009c17032bc5eda9/988fc7f/link-identities/src/git.rs:830:8
[INFO] [stdout]     |
[INFO] [stdout] 830 |     S: Signer,
[INFO] [stdout]     |        ^^^^^^ `<S as crypto::radicle_keystore::sign::Signer>::Error` cannot be sent between threads safely
[INFO] [stdout]     |
[INFO] [stdout]     = help: the trait `Send` is not implemented for `<S as crypto::radicle_keystore::sign::Signer>::Error`
[INFO] [stdout] note: required by a bound in `crypto::Signer`
[INFO] [stdout]    --> /opt/rustwide/cargo-home/git/checkouts/radicle-link-009c17032bc5eda9/988fc7f/link-crypto/src/signer.rs:18:45
[INFO] [stdout]     |
[INFO] [stdout] 17  | pub trait Signer:
[INFO] [stdout]     |           ------ required by a bound in this trait
[INFO] [stdout] 18  |     sign::Signer<Error: std::error::Error + Send + Sync + 'static>
[INFO] [stdout]     |                                             ^^^^ required by this bound in `Signer`
[INFO] [stdout] help: consider further restricting the associated type
[INFO] [stdout]     |
[INFO] [stdout] 830 |     S: Signer, <S as crypto::radicle_keystore::sign::Signer>::Error: Send
[INFO] [stdout]     |              ~~~~~~~~~~~~~~~~~~~~~~~~~~~~~~~~~~~~~~~~~~~~~~~~~~~~~~~~~~~~
[INFO] [stdout] 
[INFO] [stdout] 
[INFO] [stdout] error[E0277]: `<S as crypto::radicle_keystore::sign::Signer>::Error` cannot be shared between threads safely
[INFO] [stdout]    --> /opt/rustwide/cargo-home/git/checkouts/radicle-link-009c17032bc5eda9/988fc7f/link-identities/src/git.rs:830:8
[INFO] [stdout]     |
[INFO] [stdout] 830 |     S: Signer,
[INFO] [stdout]     |        ^^^^^^ `<S as crypto::radicle_keystore::sign::Signer>::Error` cannot be shared between threads safely
[INFO] [stdout]     |
[INFO] [stdout]     = help: the trait `Sync` is not implemented for `<S as crypto::radicle_keystore::sign::Signer>::Error`
[INFO] [stdout] note: required by a bound in `crypto::Signer`
[INFO] [stdout]    --> /opt/rustwide/cargo-home/git/checkouts/radicle-link-009c17032bc5eda9/988fc7f/link-crypto/src/signer.rs:18:52
[INFO] [stdout]     |
[INFO] [stdout] 17  | pub trait Signer:
[INFO] [stdout]     |           ------ required by a bound in this trait
[INFO] [stdout] 18  |     sign::Signer<Error: std::error::Error + Send + Sync + 'static>
[INFO] [stdout]     |                                                    ^^^^ required by this bound in `Signer`
[INFO] [stdout] help: consider further restricting the associated type
[INFO] [stdout]     |
[INFO] [stdout] 830 |     S: Signer, <S as crypto::radicle_keystore::sign::Signer>::Error: Sync
[INFO] [stdout]     |              ~~~~~~~~~~~~~~~~~~~~~~~~~~~~~~~~~~~~~~~~~~~~~~~~~~~~~~~~~~~~
[INFO] [stdout] 
[INFO] [stdout] 
[INFO] [stdout] error[E0277]: the trait bound `<S as crypto::radicle_keystore::sign::Signer>::Error: StdError` is not satisfied
[INFO] [stdout]    --> /opt/rustwide/cargo-home/git/checkouts/radicle-link-009c17032bc5eda9/988fc7f/link-identities/src/git.rs:247:12
[INFO] [stdout]     |
[INFO] [stdout] 247 |         S: Signer,
[INFO] [stdout]     |            ^^^^^^ the trait `StdError` is not implemented for `<S as crypto::radicle_keystore::sign::Signer>::Error`
[INFO] [stdout]     |
[INFO] [stdout] note: required by a bound in `crypto::Signer`
[INFO] [stdout]    --> /opt/rustwide/cargo-home/git/checkouts/radicle-link-009c17032bc5eda9/988fc7f/link-crypto/src/signer.rs:18:25
[INFO] [stdout]     |
[INFO] [stdout] 17  | pub trait Signer:
[INFO] [stdout]     |           ------ required by a bound in this trait
[INFO] [stdout] 18  |     sign::Signer<Error: std::error::Error + Send + Sync + 'static>
[INFO] [stdout]     |                         ^^^^^^^^^^^^^^^^^ required by this bound in `Signer`
[INFO] [stdout] help: consider further restricting the associated type
[INFO] [stdout]     |
[INFO] [stdout] 247 |         S: Signer, <S as crypto::radicle_keystore::sign::Signer>::Error: StdError
[INFO] [stdout]     |                  ~~~~~~~~~~~~~~~~~~~~~~~~~~~~~~~~~~~~~~~~~~~~~~~~~~~~~~~~~~~~~~~~
[INFO] [stdout] 
[INFO] [stdout] 
[INFO] [stdout] error[E0277]: `<S as crypto::radicle_keystore::sign::Signer>::Error` cannot be sent between threads safely
[INFO] [stdout]    --> /opt/rustwide/cargo-home/git/checkouts/radicle-link-009c17032bc5eda9/988fc7f/link-identities/src/git.rs:247:12
[INFO] [stdout]     |
[INFO] [stdout] 247 |         S: Signer,
[INFO] [stdout]     |            ^^^^^^ `<S as crypto::radicle_keystore::sign::Signer>::Error` cannot be sent between threads safely
[INFO] [stdout]     |
[INFO] [stdout]     = help: the trait `Send` is not implemented for `<S as crypto::radicle_keystore::sign::Signer>::Error`
[INFO] [stdout] note: required by a bound in `crypto::Signer`
[INFO] [stdout]    --> /opt/rustwide/cargo-home/git/checkouts/radicle-link-009c17032bc5eda9/988fc7f/link-crypto/src/signer.rs:18:45
[INFO] [stdout]     |
[INFO] [stdout] 17  | pub trait Signer:
[INFO] [stdout]     |           ------ required by a bound in this trait
[INFO] [stdout] 18  |     sign::Signer<Error: std::error::Error + Send + Sync + 'static>
[INFO] [stdout]     |                                             ^^^^ required by this bound in `Signer`
[INFO] [stdout] help: consider further restricting the associated type
[INFO] [stdout]     |
[INFO] [stdout] 247 |         S: Signer, <S as crypto::radicle_keystore::sign::Signer>::Error: Send
[INFO] [stdout]     |                  ~~~~~~~~~~~~~~~~~~~~~~~~~~~~~~~~~~~~~~~~~~~~~~~~~~~~~~~~~~~~
[INFO] [stdout] 
[INFO] [stdout] 
[INFO] [stdout] error[E0277]: `<S as crypto::radicle_keystore::sign::Signer>::Error` cannot be shared between threads safely
[INFO] [stdout]    --> /opt/rustwide/cargo-home/git/checkouts/radicle-link-009c17032bc5eda9/988fc7f/link-identities/src/git.rs:247:12
[INFO] [stdout]     |
[INFO] [stdout] 247 |         S: Signer,
[INFO] [stdout]     |            ^^^^^^ `<S as crypto::radicle_keystore::sign::Signer>::Error` cannot be shared between threads safely
[INFO] [stdout]     |
[INFO] [stdout]     = help: the trait `Sync` is not implemented for `<S as crypto::radicle_keystore::sign::Signer>::Error`
[INFO] [stdout] note: required by a bound in `crypto::Signer`
[INFO] [stdout]    --> /opt/rustwide/cargo-home/git/checkouts/radicle-link-009c17032bc5eda9/988fc7f/link-crypto/src/signer.rs:18:52
[INFO] [stdout]     |
[INFO] [stdout] 17  | pub trait Signer:
[INFO] [stdout]     |           ------ required by a bound in this trait
[INFO] [stdout] 18  |     sign::Signer<Error: std::error::Error + Send + Sync + 'static>
[INFO] [stdout]     |                                                    ^^^^ required by this bound in `Signer`
[INFO] [stdout] help: consider further restricting the associated type
[INFO] [stdout]     |
[INFO] [stdout] 247 |         S: Signer, <S as crypto::radicle_keystore::sign::Signer>::Error: Sync
[INFO] [stdout]     |                  ~~~~~~~~~~~~~~~~~~~~~~~~~~~~~~~~~~~~~~~~~~~~~~~~~~~~~~~~~~~~
[INFO] [stdout] 
[INFO] [stdout] 
[INFO] [stdout] error[E0277]: the trait bound `<S as crypto::radicle_keystore::sign::Signer>::Error: StdError` is not satisfied
[INFO] [stdout]    --> /opt/rustwide/cargo-home/git/checkouts/radicle-link-009c17032bc5eda9/988fc7f/link-identities/src/git.rs:302:12
[INFO] [stdout]     |
[INFO] [stdout] 302 |         S: Signer,
[INFO] [stdout]     |            ^^^^^^ the trait `StdError` is not implemented for `<S as crypto::radicle_keystore::sign::Signer>::Error`
[INFO] [stdout]     |
[INFO] [stdout] note: required by a bound in `crypto::Signer`
[INFO] [stdout]    --> /opt/rustwide/cargo-home/git/checkouts/radicle-link-009c17032bc5eda9/988fc7f/link-crypto/src/signer.rs:18:25
[INFO] [stdout]     |
[INFO] [stdout] 17  | pub trait Signer:
[INFO] [stdout]     |           ------ required by a bound in this trait
[INFO] [stdout] 18  |     sign::Signer<Error: std::error::Error + Send + Sync + 'static>
[INFO] [stdout]     |                         ^^^^^^^^^^^^^^^^^ required by this bound in `Signer`
[INFO] [stdout] help: consider further restricting the associated type
[INFO] [stdout]     |
[INFO] [stdout] 302 |         S: Signer, <S as crypto::radicle_keystore::sign::Signer>::Error: StdError
[INFO] [stdout]     |                  ~~~~~~~~~~~~~~~~~~~~~~~~~~~~~~~~~~~~~~~~~~~~~~~~~~~~~~~~~~~~~~~~
[INFO] [stdout] 
[INFO] [stdout] 
[INFO] [stdout] error[E0277]: `<S as crypto::radicle_keystore::sign::Signer>::Error` cannot be sent between threads safely
[INFO] [stdout]    --> /opt/rustwide/cargo-home/git/checkouts/radicle-link-009c17032bc5eda9/988fc7f/link-identities/src/git.rs:302:12
[INFO] [stdout]     |
[INFO] [stdout] 302 |         S: Signer,
[INFO] [stdout]     |            ^^^^^^ `<S as crypto::radicle_keystore::sign::Signer>::Error` cannot be sent between threads safely
[INFO] [stdout]     |
[INFO] [stdout]     = help: the trait `Send` is not implemented for `<S as crypto::radicle_keystore::sign::Signer>::Error`
[INFO] [stdout] note: required by a bound in `crypto::Signer`
[INFO] [stdout]    --> /opt/rustwide/cargo-home/git/checkouts/radicle-link-009c17032bc5eda9/988fc7f/link-crypto/src/signer.rs:18:45
[INFO] [stdout]     |
[INFO] [stdout] 17  | pub trait Signer:
[INFO] [stdout]     |           ------ required by a bound in this trait
[INFO] [stdout] 18  |     sign::Signer<Error: std::error::Error + Send + Sync + 'static>
[INFO] [stdout]     |                                             ^^^^ required by this bound in `Signer`
[INFO] [stdout] help: consider further restricting the associated type
[INFO] [stdout]     |
[INFO] [stdout] 302 |         S: Signer, <S as crypto::radicle_keystore::sign::Signer>::Error: Send
[INFO] [stdout]     |                  ~~~~~~~~~~~~~~~~~~~~~~~~~~~~~~~~~~~~~~~~~~~~~~~~~~~~~~~~~~~~
[INFO] [stdout] 
[INFO] [stdout] 
[INFO] [stdout] error[E0277]: `<S as crypto::radicle_keystore::sign::Signer>::Error` cannot be shared between threads safely
[INFO] [stdout]    --> /opt/rustwide/cargo-home/git/checkouts/radicle-link-009c17032bc5eda9/988fc7f/link-identities/src/git.rs:302:12
[INFO] [stdout]     |
[INFO] [stdout] 302 |         S: Signer,
[INFO] [stdout]     |            ^^^^^^ `<S as crypto::radicle_keystore::sign::Signer>::Error` cannot be shared between threads safely
[INFO] [stdout]     |
[INFO] [stdout]     = help: the trait `Sync` is not implemented for `<S as crypto::radicle_keystore::sign::Signer>::Error`
[INFO] [stdout] note: required by a bound in `crypto::Signer`
[INFO] [stdout]    --> /opt/rustwide/cargo-home/git/checkouts/radicle-link-009c17032bc5eda9/988fc7f/link-crypto/src/signer.rs:18:52
[INFO] [stdout]     |
[INFO] [stdout] 17  | pub trait Signer:
[INFO] [stdout]     |           ------ required by a bound in this trait
[INFO] [stdout] 18  |     sign::Signer<Error: std::error::Error + Send + Sync + 'static>
[INFO] [stdout]     |                                                    ^^^^ required by this bound in `Signer`
[INFO] [stdout] help: consider further restricting the associated type
[INFO] [stdout]     |
[INFO] [stdout] 302 |         S: Signer, <S as crypto::radicle_keystore::sign::Signer>::Error: Sync
[INFO] [stdout]     |                  ~~~~~~~~~~~~~~~~~~~~~~~~~~~~~~~~~~~~~~~~~~~~~~~~~~~~~~~~~~~~
[INFO] [stdout] 
[INFO] [stdout] 
[INFO] [stdout] error[E0277]: the trait bound `<S as crypto::radicle_keystore::sign::Signer>::Error: StdError` is not satisfied
[INFO] [stdout]    --> /opt/rustwide/cargo-home/git/checkouts/radicle-link-009c17032bc5eda9/988fc7f/link-identities/src/git.rs:463:12
[INFO] [stdout]     |
[INFO] [stdout] 463 |         S: Signer,
[INFO] [stdout]     |            ^^^^^^ the trait `StdError` is not implemented for `<S as crypto::radicle_keystore::sign::Signer>::Error`
[INFO] [stdout]     |
[INFO] [stdout] note: required by a bound in `crypto::Signer`
[INFO] [stdout]    --> /opt/rustwide/cargo-home/git/checkouts/radicle-link-009c17032bc5eda9/988fc7f/link-crypto/src/signer.rs:18:25
[INFO] [stdout]     |
[INFO] [stdout] 17  | pub trait Signer:
[INFO] [stdout]     |           ------ required by a bound in this trait
[INFO] [stdout] 18  |     sign::Signer<Error: std::error::Error + Send + Sync + 'static>
[INFO] [stdout]     |                         ^^^^^^^^^^^^^^^^^ required by this bound in `Signer`
[INFO] [stdout] help: consider further restricting the associated type
[INFO] [stdout]     |
[INFO] [stdout] 463 |         S: Signer, <S as crypto::radicle_keystore::sign::Signer>::Error: StdError
[INFO] [stdout]     |                  ~~~~~~~~~~~~~~~~~~~~~~~~~~~~~~~~~~~~~~~~~~~~~~~~~~~~~~~~~~~~~~~~
[INFO] [stdout] 
[INFO] [stdout] 
[INFO] [stdout] error[E0277]: `<S as crypto::radicle_keystore::sign::Signer>::Error` cannot be sent between threads safely
[INFO] [stdout]    --> /opt/rustwide/cargo-home/git/checkouts/radicle-link-009c17032bc5eda9/988fc7f/link-identities/src/git.rs:463:12
[INFO] [stdout]     |
[INFO] [stdout] 463 |         S: Signer,
[INFO] [stdout]     |            ^^^^^^ `<S as crypto::radicle_keystore::sign::Signer>::Error` cannot be sent between threads safely
[INFO] [stdout]     |
[INFO] [stdout]     = help: the trait `Send` is not implemented for `<S as crypto::radicle_keystore::sign::Signer>::Error`
[INFO] [stdout] note: required by a bound in `crypto::Signer`
[INFO] [stdout]    --> /opt/rustwide/cargo-home/git/checkouts/radicle-link-009c17032bc5eda9/988fc7f/link-crypto/src/signer.rs:18:45
[INFO] [stdout]     |
[INFO] [stdout] 17  | pub trait Signer:
[INFO] [stdout]     |           ------ required by a bound in this trait
[INFO] [stdout] 18  |     sign::Signer<Error: std::error::Error + Send + Sync + 'static>
[INFO] [stdout]     |                                             ^^^^ required by this bound in `Signer`
[INFO] [stdout] help: consider further restricting the associated type
[INFO] [stdout]     |
[INFO] [stdout] 463 |         S: Signer, <S as crypto::radicle_keystore::sign::Signer>::Error: Send
[INFO] [stdout]     |                  ~~~~~~~~~~~~~~~~~~~~~~~~~~~~~~~~~~~~~~~~~~~~~~~~~~~~~~~~~~~~
[INFO] [stdout] 
[INFO] [stdout] 
[INFO] [stdout] error[E0277]: `<S as crypto::radicle_keystore::sign::Signer>::Error` cannot be shared between threads safely
[INFO] [stdout]    --> /opt/rustwide/cargo-home/git/checkouts/radicle-link-009c17032bc5eda9/988fc7f/link-identities/src/git.rs:463:12
[INFO] [stdout]     |
[INFO] [stdout] 463 |         S: Signer,
[INFO] [stdout]     |            ^^^^^^ `<S as crypto::radicle_keystore::sign::Signer>::Error` cannot be shared between threads safely
[INFO] [stdout]     |
[INFO] [stdout]     = help: the trait `Sync` is not implemented for `<S as crypto::radicle_keystore::sign::Signer>::Error`
[INFO] [stdout] note: required by a bound in `crypto::Signer`
[INFO] [stdout]    --> /opt/rustwide/cargo-home/git/checkouts/radicle-link-009c17032bc5eda9/988fc7f/link-crypto/src/signer.rs:18:52
[INFO] [stdout]     |
[INFO] [stdout] 17  | pub trait Signer:
[INFO] [stdout]     |           ------ required by a bound in this trait
[INFO] [stdout] 18  |     sign::Signer<Error: std::error::Error + Send + Sync + 'static>
[INFO] [stdout]     |                                                    ^^^^ required by this bound in `Signer`
[INFO] [stdout] help: consider further restricting the associated type
[INFO] [stdout]     |
[INFO] [stdout] 463 |         S: Signer, <S as crypto::radicle_keystore::sign::Signer>::Error: Sync
[INFO] [stdout]     |                  ~~~~~~~~~~~~~~~~~~~~~~~~~~~~~~~~~~~~~~~~~~~~~~~~~~~~~~~~~~~~
[INFO] [stdout] 
[INFO] [stdout] 
[INFO] [stdout] error[E0277]: the trait bound `<S as crypto::radicle_keystore::sign::Signer>::Error: StdError` is not satisfied
[INFO] [stdout]    --> /opt/rustwide/cargo-home/git/checkouts/radicle-link-009c17032bc5eda9/988fc7f/link-identities/src/git.rs:521:12
[INFO] [stdout]     |
[INFO] [stdout] 521 |         S: Signer,
[INFO] [stdout]     |            ^^^^^^ the trait `StdError` is not implemented for `<S as crypto::radicle_keystore::sign::Signer>::Error`
[INFO] [stdout]     |
[INFO] [stdout] note: required by a bound in `crypto::Signer`
[INFO] [stdout]    --> /opt/rustwide/cargo-home/git/checkouts/radicle-link-009c17032bc5eda9/988fc7f/link-crypto/src/signer.rs:18:25
[INFO] [stdout]     |
[INFO] [stdout] 17  | pub trait Signer:
[INFO] [stdout]     |           ------ required by a bound in this trait
[INFO] [stdout] 18  |     sign::Signer<Error: std::error::Error + Send + Sync + 'static>
[INFO] [stdout]     |                         ^^^^^^^^^^^^^^^^^ required by this bound in `Signer`
[INFO] [stdout] help: consider further restricting the associated type
[INFO] [stdout]     |
[INFO] [stdout] 521 |         S: Signer, <S as crypto::radicle_keystore::sign::Signer>::Error: StdError
[INFO] [stdout]     |                  ~~~~~~~~~~~~~~~~~~~~~~~~~~~~~~~~~~~~~~~~~~~~~~~~~~~~~~~~~~~~~~~~
[INFO] [stdout] 
[INFO] [stdout] 
[INFO] [stdout] error[E0277]: `<S as crypto::radicle_keystore::sign::Signer>::Error` cannot be sent between threads safely
[INFO] [stdout]    --> /opt/rustwide/cargo-home/git/checkouts/radicle-link-009c17032bc5eda9/988fc7f/link-identities/src/git.rs:521:12
[INFO] [stdout]     |
[INFO] [stdout] 521 |         S: Signer,
[INFO] [stdout]     |            ^^^^^^ `<S as crypto::radicle_keystore::sign::Signer>::Error` cannot be sent between threads safely
[INFO] [stdout]     |
[INFO] [stdout]     = help: the trait `Send` is not implemented for `<S as crypto::radicle_keystore::sign::Signer>::Error`
[INFO] [stdout] note: required by a bound in `crypto::Signer`
[INFO] [stdout]    --> /opt/rustwide/cargo-home/git/checkouts/radicle-link-009c17032bc5eda9/988fc7f/link-crypto/src/signer.rs:18:45
[INFO] [stdout]     |
[INFO] [stdout] 17  | pub trait Signer:
[INFO] [stdout]     |           ------ required by a bound in this trait
[INFO] [stdout] 18  |     sign::Signer<Error: std::error::Error + Send + Sync + 'static>
[INFO] [stdout]     |                                             ^^^^ required by this bound in `Signer`
[INFO] [stdout] help: consider further restricting the associated type
[INFO] [stdout]     |
[INFO] [stdout] 521 |         S: Signer, <S as crypto::radicle_keystore::sign::Signer>::Error: Send
[INFO] [stdout]     |                  ~~~~~~~~~~~~~~~~~~~~~~~~~~~~~~~~~~~~~~~~~~~~~~~~~~~~~~~~~~~~
[INFO] [stdout] 
[INFO] [stdout] 
[INFO] [stdout] error[E0277]: `<S as crypto::radicle_keystore::sign::Signer>::Error` cannot be shared between threads safely
[INFO] [stdout]    --> /opt/rustwide/cargo-home/git/checkouts/radicle-link-009c17032bc5eda9/988fc7f/link-identities/src/git.rs:521:12
[INFO] [stdout]     |
[INFO] [stdout] 521 |         S: Signer,
[INFO] [stdout]     |            ^^^^^^ `<S as crypto::radicle_keystore::sign::Signer>::Error` cannot be shared between threads safely
[INFO] [stdout]     |
[INFO] [stdout]     = help: the trait `Sync` is not implemented for `<S as crypto::radicle_keystore::sign::Signer>::Error`
[INFO] [stdout] note: required by a bound in `crypto::Signer`
[INFO] [stdout]    --> /opt/rustwide/cargo-home/git/checkouts/radicle-link-009c17032bc5eda9/988fc7f/link-crypto/src/signer.rs:18:52
[INFO] [stdout]     |
[INFO] [stdout] 17  | pub trait Signer:
[INFO] [stdout]     |           ------ required by a bound in this trait
[INFO] [stdout] 18  |     sign::Signer<Error: std::error::Error + Send + Sync + 'static>
[INFO] [stdout]     |                                                    ^^^^ required by this bound in `Signer`
[INFO] [stdout] help: consider further restricting the associated type
[INFO] [stdout]     |
[INFO] [stdout] 521 |         S: Signer, <S as crypto::radicle_keystore::sign::Signer>::Error: Sync
[INFO] [stdout]     |                  ~~~~~~~~~~~~~~~~~~~~~~~~~~~~~~~~~~~~~~~~~~~~~~~~~~~~~~~~~~~~
[INFO] [stdout] 
[INFO] [stdout] 
[INFO] [stdout] error[E0277]: the trait bound `<S as crypto::radicle_keystore::sign::Signer>::Error: StdError` is not satisfied
[INFO] [stdout]    --> /opt/rustwide/cargo-home/git/checkouts/radicle-link-009c17032bc5eda9/988fc7f/link-identities/src/git.rs:625:12
[INFO] [stdout]     |
[INFO] [stdout] 625 |         S: Signer,
[INFO] [stdout]     |            ^^^^^^ the trait `StdError` is not implemented for `<S as crypto::radicle_keystore::sign::Signer>::Error`
[INFO] [stdout]     |
[INFO] [stdout] note: required by a bound in `crypto::Signer`
[INFO] [stdout]    --> /opt/rustwide/cargo-home/git/checkouts/radicle-link-009c17032bc5eda9/988fc7f/link-crypto/src/signer.rs:18:25
[INFO] [stdout]     |
[INFO] [stdout] 17  | pub trait Signer:
[INFO] [stdout]     |           ------ required by a bound in this trait
[INFO] [stdout] 18  |     sign::Signer<Error: std::error::Error + Send + Sync + 'static>
[INFO] [stdout]     |                         ^^^^^^^^^^^^^^^^^ required by this bound in `Signer`
[INFO] [stdout] help: consider further restricting the associated type
[INFO] [stdout]     |
[INFO] [stdout] 625 |         S: Signer, <S as crypto::radicle_keystore::sign::Signer>::Error: StdError
[INFO] [stdout]     |                  ~~~~~~~~~~~~~~~~~~~~~~~~~~~~~~~~~~~~~~~~~~~~~~~~~~~~~~~~~~~~~~~~
[INFO] [stdout] 
[INFO] [stdout] 
[INFO] [stdout] error[E0277]: `<S as crypto::radicle_keystore::sign::Signer>::Error` cannot be sent between threads safely
[INFO] [stdout]    --> /opt/rustwide/cargo-home/git/checkouts/radicle-link-009c17032bc5eda9/988fc7f/link-identities/src/git.rs:625:12
[INFO] [stdout]     |
[INFO] [stdout] 625 |         S: Signer,
[INFO] [stdout]     |            ^^^^^^ `<S as crypto::radicle_keystore::sign::Signer>::Error` cannot be sent between threads safely
[INFO] [stdout]     |
[INFO] [stdout]     = help: the trait `Send` is not implemented for `<S as crypto::radicle_keystore::sign::Signer>::Error`
[INFO] [stdout] note: required by a bound in `crypto::Signer`
[INFO] [stdout]    --> /opt/rustwide/cargo-home/git/checkouts/radicle-link-009c17032bc5eda9/988fc7f/link-crypto/src/signer.rs:18:45
[INFO] [stdout]     |
[INFO] [stdout] 17  | pub trait Signer:
[INFO] [stdout]     |           ------ required by a bound in this trait
[INFO] [stdout] 18  |     sign::Signer<Error: std::error::Error + Send + Sync + 'static>
[INFO] [stdout]     |                                             ^^^^ required by this bound in `Signer`
[INFO] [stdout] help: consider further restricting the associated type
[INFO] [stdout]     |
[INFO] [stdout] 625 |         S: Signer, <S as crypto::radicle_keystore::sign::Signer>::Error: Send
[INFO] [stdout]     |                  ~~~~~~~~~~~~~~~~~~~~~~~~~~~~~~~~~~~~~~~~~~~~~~~~~~~~~~~~~~~~
[INFO] [stdout] 
[INFO] [stdout] 
[INFO] [stdout] error[E0277]: `<S as crypto::radicle_keystore::sign::Signer>::Error` cannot be shared between threads safely
[INFO] [stdout]    --> /opt/rustwide/cargo-home/git/checkouts/radicle-link-009c17032bc5eda9/988fc7f/link-identities/src/git.rs:625:12
[INFO] [stdout]     |
[INFO] [stdout] 625 |         S: Signer,
[INFO] [stdout]     |            ^^^^^^ `<S as crypto::radicle_keystore::sign::Signer>::Error` cannot be shared between threads safely
[INFO] [stdout]     |
[INFO] [stdout]     = help: the trait `Sync` is not implemented for `<S as crypto::radicle_keystore::sign::Signer>::Error`
[INFO] [stdout] note: required by a bound in `crypto::Signer`
[INFO] [stdout]    --> /opt/rustwide/cargo-home/git/checkouts/radicle-link-009c17032bc5eda9/988fc7f/link-crypto/src/signer.rs:18:52
[INFO] [stdout]     |
[INFO] [stdout] 17  | pub trait Signer:
[INFO] [stdout]     |           ------ required by a bound in this trait
[INFO] [stdout] 18  |     sign::Signer<Error: std::error::Error + Send + Sync + 'static>
[INFO] [stdout]     |                                                    ^^^^ required by this bound in `Signer`
[INFO] [stdout] help: consider further restricting the associated type
[INFO] [stdout]     |
[INFO] [stdout] 625 |         S: Signer, <S as crypto::radicle_keystore::sign::Signer>::Error: Sync
[INFO] [stdout]     |                  ~~~~~~~~~~~~~~~~~~~~~~~~~~~~~~~~~~~~~~~~~~~~~~~~~~~~~~~~~~~~
[INFO] [stdout] 
[INFO] [stdout] 
[INFO] [stdout] error[E0277]: the trait bound `<S as crypto::radicle_keystore::sign::Signer>::Error: StdError` is not satisfied
[INFO] [stdout]    --> /opt/rustwide/cargo-home/git/checkouts/radicle-link-009c17032bc5eda9/988fc7f/link-identities/src/git.rs:690:12
[INFO] [stdout]     |
[INFO] [stdout] 690 |         S: Signer,
[INFO] [stdout]     |            ^^^^^^ the trait `StdError` is not implemented for `<S as crypto::radicle_keystore::sign::Signer>::Error`
[INFO] [stdout]     |
[INFO] [stdout] note: required by a bound in `crypto::Signer`
[INFO] [stdout]    --> /opt/rustwide/cargo-home/git/checkouts/radicle-link-009c17032bc5eda9/988fc7f/link-crypto/src/signer.rs:18:25
[INFO] [stdout]     |
[INFO] [stdout] 17  | pub trait Signer:
[INFO] [stdout]     |           ------ required by a bound in this trait
[INFO] [stdout] 18  |     sign::Signer<Error: std::error::Error + Send + Sync + 'static>
[INFO] [stdout]     |                         ^^^^^^^^^^^^^^^^^ required by this bound in `Signer`
[INFO] [stdout] help: consider further restricting the associated type
[INFO] [stdout]     |
[INFO] [stdout] 690 |         S: Signer, <S as crypto::radicle_keystore::sign::Signer>::Error: StdError
[INFO] [stdout]     |                  ~~~~~~~~~~~~~~~~~~~~~~~~~~~~~~~~~~~~~~~~~~~~~~~~~~~~~~~~~~~~~~~~
[INFO] [stdout] 
[INFO] [stdout] 
[INFO] [stdout] error[E0277]: `<S as crypto::radicle_keystore::sign::Signer>::Error` cannot be sent between threads safely
[INFO] [stdout]    --> /opt/rustwide/cargo-home/git/checkouts/radicle-link-009c17032bc5eda9/988fc7f/link-identities/src/git.rs:690:12
[INFO] [stdout]     |
[INFO] [stdout] 690 |         S: Signer,
[INFO] [stdout]     |            ^^^^^^ `<S as crypto::radicle_keystore::sign::Signer>::Error` cannot be sent between threads safely
[INFO] [stdout]     |
[INFO] [stdout]     = help: the trait `Send` is not implemented for `<S as crypto::radicle_keystore::sign::Signer>::Error`
[INFO] [stdout] note: required by a bound in `crypto::Signer`
[INFO] [stdout]    --> /opt/rustwide/cargo-home/git/checkouts/radicle-link-009c17032bc5eda9/988fc7f/link-crypto/src/signer.rs:18:45
[INFO] [stdout]     |
[INFO] [stdout] 17  | pub trait Signer:
[INFO] [stdout]     |           ------ required by a bound in this trait
[INFO] [stdout] 18  |     sign::Signer<Error: std::error::Error + Send + Sync + 'static>
[INFO] [stdout]     |                                             ^^^^ required by this bound in `Signer`
[INFO] [stdout] help: consider further restricting the associated type
[INFO] [stdout]     |
[INFO] [stdout] 690 |         S: Signer, <S as crypto::radicle_keystore::sign::Signer>::Error: Send
[INFO] [stdout]     |                  ~~~~~~~~~~~~~~~~~~~~~~~~~~~~~~~~~~~~~~~~~~~~~~~~~~~~~~~~~~~~
[INFO] [stdout] 
[INFO] [stdout] 
[INFO] [stdout] error[E0277]: `<S as crypto::radicle_keystore::sign::Signer>::Error` cannot be shared between threads safely
[INFO] [stdout]    --> /opt/rustwide/cargo-home/git/checkouts/radicle-link-009c17032bc5eda9/988fc7f/link-identities/src/git.rs:690:12
[INFO] [stdout]     |
[INFO] [stdout] 690 |         S: Signer,
[INFO] [stdout]     |            ^^^^^^ `<S as crypto::radicle_keystore::sign::Signer>::Error` cannot be shared between threads safely
[INFO] [stdout]     |
[INFO] [stdout]     = help: the trait `Sync` is not implemented for `<S as crypto::radicle_keystore::sign::Signer>::Error`
[INFO] [stdout] note: required by a bound in `crypto::Signer`
[INFO] [stdout]    --> /opt/rustwide/cargo-home/git/checkouts/radicle-link-009c17032bc5eda9/988fc7f/link-crypto/src/signer.rs:18:52
[INFO] [stdout]     |
[INFO] [stdout] 17  | pub trait Signer:
[INFO] [stdout]     |           ------ required by a bound in this trait
[INFO] [stdout] 18  |     sign::Signer<Error: std::error::Error + Send + Sync + 'static>
[INFO] [stdout]     |                                                    ^^^^ required by this bound in `Signer`
[INFO] [stdout] help: consider further restricting the associated type
[INFO] [stdout]     |
[INFO] [stdout] 690 |         S: Signer, <S as crypto::radicle_keystore::sign::Signer>::Error: Sync
[INFO] [stdout]     |                  ~~~~~~~~~~~~~~~~~~~~~~~~~~~~~~~~~~~~~~~~~~~~~~~~~~~~~~~~~~~~
[INFO] [stdout] 
[INFO] [stdout] 
[INFO] [stdout] error: aborting due to 21 previous errors
[INFO] [stdout] 
[INFO] [stdout] 
[INFO] [stdout] For more information about this error, try `rustc --explain E0277`.
[INFO] [stdout] 
[INFO] [stderr] error: could not compile `link-identities` (lib) due to 22 previous errors
[INFO] running `Command { std: "docker" "inspect" "f4deb202e7c8046aebc235d42260503753b9ba3d5aa4e6454b104941069eae2a", kill_on_drop: false }`
[INFO] running `Command { std: "docker" "rm" "-f" "f4deb202e7c8046aebc235d42260503753b9ba3d5aa4e6454b104941069eae2a", kill_on_drop: false }`
[INFO] [stdout] f4deb202e7c8046aebc235d42260503753b9ba3d5aa4e6454b104941069eae2a
